2 + 1189*t - 269. Determine s(19).
301
Let x(y) = -y**3 - 81*y**2 + 176*y - 13913. Calculate x(-85).
27
Let n(u) = u**3 - 19*u**2 + 56*u - 1490. Determine n(20).
30
Let q(l) = l**3 + 59*l**2 + 733*l + 1743. Calculate q(-13).
-12
Let f(k) = -321*k - 1043. What is f(-2)?
-401
Let l(j) = 754*j - 72800. Calculate l(97).
338
Let t(l) = -19*l**2 - 3352*l + 8760. Calculate t(-179).
-11
Let g(y) = -y**3 + 428*y**2 - 45790*y - 508. Give g(212).
-84
Let m(b) = -b**3 - 24*b**2 + 332*b - 226. Determine m(-34).
46
Let p(f) = 16355*f - 278022. Give p(17).
13
Let b(p) = 382*p + 367871. Give b(-963).
5
Let v(a) = 451*a**2 - 1288*a - 194. Calculate v(3).
1
Let y(j) = 67*j**2 - 1551*j + 1716. Give y(22).
22
Let p(c) = -9321*c - 84251. Calculate p(-9).
-362
Let y(i) = 2*i**2 + 1199*i - 7364969. Determine y(-2242).
1
Let h(c) = 9*c**3 + 25974*c**2 + 128*c + 369409. Calculate h(-2886).
1
Let y(k) = -9*k**3 + 36*k**2 - 143*k + 77. Give y(3).
-271
Let o(g) = 8292*g + 232211. Determine o(-28).
35
Let z(x) = -159089*x - 318190. Determine z(-2).
-12
Let o(y) = -5*y**2 + 110*y + 1988. Determine o(-20).
-2212
Let l(i) = i**3 + 74*i**2 + 1106*i - 143. Calculate l(-53).
228
Let s(h) = 21*h**2 - 4740*h + 21914. What is s(221)?
35
Let s(h) = 245*h + 29761. What is s(-122)?
-129
Let p(a) = -a**3 + 14*a**2 - 5*a + 76. What is p(12)?
304
Let r(y) = 4*y**2 + 2331*y + 8684. Determine r(-579).
-1
Let q(v) = -3*v**2 + 229*v - 3858. Determine q(17).
-832
Let a(f) = -f**3 - 21*f**2 + 248*f + 643. Calculate a(-29).
179
Let g(u) = 5*u**2 - 384*u + 857. Determine g(75).
182
Let r(c) = -3*c**3 - 70*c**2 + 6*c + 73. Give r(-23).
-594
Let n(g) = g**2 - 38*g - 1368. What is n(33)?
-1533
Let s(j) = 3*j**3 - 16*j**2 + 70*j + 377. Determine s(-6).
-1267
Let q(j) = j**2 - 96*j - 1906. What is q(87)?
-2689
Let r(j) = 192*j - 27254. Give r(147).
970
Let i(c) = -13*c**2 - 1450*c + 2203. What is i(-113)?
56
Let r(z) = 9*z**3 - 2231*z**2 - 2537*z + 11708. Calculate r(249).
5
Let z(l) = -16*l**2 - 995*l - 8947. What is z(-9)?
-1288
Let a(q) = 3*q**3 - 60*q**2 - 167*q + 4945. Determine a(18).
-5
Let l(n) = -47*n**2 - 8648*n - 119134. What is l(-169)?
11
Let s(h) = 30762*h + 1999542. Determine s(-65).
12
Let c(q) = q**3 - 114*q**2 + 2642*q - 56859. What is c(92)?
-3
Let m(g) = -3*g**3 - 1199*g**2 + 350*g - 20056. Calculate m(-400).
-56
Let h(q) = 10807*q - 1285843. Give h(119).
190
Let t(j) = -25*j - 349. Calculate t(-31).
426
Let h(g) = g**3 + 144*g**2 - 7361*g + 100. Determine h(-184).
284
Let x(z) = -43*z**2 - 866*z - 28. Determine x(-22).
-1788
Let w(o) = -3*o**3 - 13*o**2 - 2033*o + 4145. What is w(2)?
3
Let l(f) = -2*f**3 - 64*f**2 - 48*f + 369. Determine l(-31).
-65
Let m(i) = -383*i**2 + 2301*i + 4. What is m(6)?
22
Let k(z) = 35642*z + 3920714. Calculate k(-110).
94
Let x(c) = -2*c**3 + 281*c**2 + 617*c + 21. Determine x(0).
21
Let x(o) = 18228*o + 874947. Give x(-48).
3
Let h(i) = i**3 + 48*i**2 - 66*i - 3046. Calculate h(-48).
122
Let z(j) = -j**3 - 201*j**2 - 5420*j + 53. Give z(-32).
437
Let r(o) = -373*o - 6203. Determine r(-18).
511
Let s(n) = 3*n**3 - n**2 + 15*n + 244. Determine s(6).
946
Let x(m) = m**2 - 267*m - 623. Give x(270).
187
Let i(f) = -3139*f + 3379. What is i(0)?
3379
Let c(v) = -v**3 + 2359*v**2 + 419156*v + 998. Give c(-166).
2
Let x(b) = 160*b + 6006. What is x(-36)?
246
Let g(l) = l**3 + 77*l**2 + 12813*l - 79868. Give g(6).
-2
Let k(l) = -2*l**3 + 10*l**2 - 12*l + 95. Calculate k(0).
95
Let z(d) = -9860*d + 59228. Give z(6).
68
Let p(c) = -c**2 + 114251*c + 914055. Determine p(-8).
-17
Let s(l) = 3*l**3 + 11*l**2 - 137*l + 103. Determine s(6).
325
Let w(b) = -353*b - 60794. Determine w(-172).
-78
Let i(u) = u**3 + 94*u**2 + 1561*u + 24407. Give i(-78).
-7
Let z(c) = 2606*c + 38689. Determine z(-15).
-401
Let q(o) = -3460*o + 20413. What is q(6)?
-347
Let p(z) = 7*z**3 - 53*z**2 - 410*z + 24. Calculate p(12).
-432
Let f(m) = 1667*m**2 + 18265*m + 24. Determine f(-11).
816
Let k(o) = 212*o**2 - 3*o - 11. Calculate k(1).
198
Let t(l) = -227*l**2 + 922*l - 19. What is t(4)?
37
Let z(o) = 137*o**2 + 16263*o - 4727. What is z(-119)?
33
Let d(b) = -40521*b + 1337226. Calculate d(33).
33
Let j(z) = z**3 + 8*z**2 + 25*z + 267. Calculate j(-9).
-39
Let r(x) = -5*x**2 - 346*x + 947. Determine r(-72).
-61
Let y(x) = -x**3 + 27*x**2 + 118*x + 9. Give y(0).
9
Let z(p) = -2*p**3 - 24*p**2 + 564*p + 6759. Give z(-12).
-9
Let s(c) = c**3 + 65*c**2 + 701*c - 364. Determine s(-51).
299
Let x(f) = -792*f + 139390. Give x(176).
-2
Let d(c) = 5*c**2 - 29103*c + 2296231. Calculate d(80).
-9
Let m(r) = 73423*r + 220265. Give m(-3).
-4
Let r(m) = -746*m - 655. What is r(-3)?
1583
Let c(k) = 520*k - 208368. Calculate c(402).
672
Let y(d) = -1376*d + 13516. Calculate y(11).
-1620
Let j(c) = c**3 + 251*c**2 - 1187*c + 23780. What is j(-256)?
-28
Let y(r) = 177929*r - 711723. Determine y(4).
-7
Let d(k) = -3*k**2 + 800*k - 51730. Give d(110).
-30
Let p(d) = 18*d**2 + 4121*d - 293371. Determine p(57).
8
Let x(r) = 2*r**3 - 96*r**2 + 22*r + 664. Determine x(48).
1720
Let b(q) = 207*q**2 + 28779*q + 388. Determine b(-139).
-446
Let n(v) = 239*v**2 - 156782*v - 1311. Give n(656).
1
Let l(i) = -4*i**3 + 893*i**2 - 210*i - 3058. Determine l(223).
-159
Let y(h) = 5629*h + 100940. What is y(-18)?
-382
Let r(m) = 10*m**3 - 162*m**2 - 1221*m + 20043. What is r(16)?
-5
Let y(c) = 4425*c + 39852. Give y(-9).
27
Let d(u) = u**2 + 984*u - 490082. Calculate d(364).
590
Let j(y) = y**3 - 7*y**2 - 2377*y + 18941. Determine j(8).
-11
Let t(x) = x**2 - 246*x + 12399. What is t(176)?
79
Let m(p) = 305*p - 7519. Give m(24).
-199
Let w(q) = 4*q**3 - 16*q**2 - 55*q + 25. Give w(-7).
-1746
Let k(i) = -103*i**2 + 186*i + 42. What is k(2)?
2
Let o(c) = c**3 - 11*c**2 - 74*c - 97. Calculate o(16).
-1
Let m(x) = x**3 - 26*x**2 + 142*x + 99. Determine m(19).
270
Let c(o) = -5*o**3 - 210*o**2 - 2078*o + 33. Determine c(-26).
-19
Let r(n) = 154*n**2 - 3546*n + 88. What is r(23)?
-4
Let l(m) = -190471*m + 190558. Calculate l(1).
87
Let z(w) = 139*w + 6003. Determine z(-49).
-808
Let f(v) = -1344*v**2 - 11346*v - 4755. Calculate f(-8).
-3
Let l(v) = v**3 + 204*v**2 - 3044*v - 671. What is l(-218)?
-2415
Let o(m) = -m**3 - 7*m**2 - 349*m - 2117. Give o(-6).
-59
Let c(p) = -p**3 + 56*p**2 + 249*p - 658. Determine c(60).
-118
Let y(p) = -p**3 + 22*p**2 - 65*p + 1474. Give y(22).
44
Let w(s) = s**2 - 5138*s - 201893. Give w(-39).
10
Let m(v) = 22048*v + 29676627. Determine m(-1346).
19
Let k(t) = 2*t**3 + 333*t**2 + 1651*t - 19. Give k(-5).
-199
Let t(q) = 2*q**2 + 59636*q - 536876. Give t(9).
10
Let a(b) = 3*b**3 - 92*b**2 - 235*b + 135. What is a(33)?
3
Let b(o) = 8*o**3 - 21*o**2 - 395*o - 730. Calculate b(-4).
2
Let a(v) = 2*v**3 + 9*v**2 + 9464*v + 37844. Give a(-4).
4
Let a(k) = k**3 - 4*k**2 - 29*k - 1118. What is a(13)?
26
Let p(t) = -2*t**3 - 119*t**2 + 2*t + 3616. Give p(-59).
17
Let x(q) = q**2 + 1932*q + 38273. Give x(-20).
33
Let q(c) = -4*c**2 + 288*c + 9868. Calculate q(97).
168
Let s(k) = -9*k**3 + 368*k**2 + 60*k - 797. Calculate s(41).
-18
Let o(h) = -4*h**2 + 13*h + 550. What is o(-13)?
-295
Let u(j) = 8605*j + 1049812. Give u(-122).
2
Let o(s) = -s**2 + 70156*s + 280643. Give o(-4).
3
Let n(q) = 1287*q + 9561. Give n(-7).
552
Let b(d) = -d**3 - 53*d**2 - 648*d + 89. What is b(-34)?
157
Let p(z) = -866*z - 5. Give p(0).
-5
Let k(c) = c**3 - 12*c**2 - 15281*c - 7668. What is k(130)?
2
Let l(v) = -16*v**2 + 765*v + 6341. Calculate l(-8).
-803
Let o(v) = 5*v**3 - 38*v**2 + 20079*v - 140400. Give o(7).
6
Let w(q) = -177*q**2 + 42471*q + 2291. Calculate w(240).
131
Let y(f) = -7*f**2 - 360*f + 210. What is y(-52)?
2
Let x(g) = -503009*g - 503017. Calculate x(-1).
-8
Let y(t) = 21192*t - 42472. Calculate y(2).
-88
Let q(j) = j**2 + 1188*j - 61897. Determine q(50).
3
Let v(l) = -l**2 - 5406*l - 1180580. Calculate v(-228).
4
Let v(b) = 2*b**2 + 189*b - 12930. Give v(-141).
183
Let x(a) = 31732*a - 1205792. What is x(38)?
24
Let v(b) = -27790*b + 166796. What is v(6)?
56
Let j(o) = -14*o**3 - 29*o**2 - 27*o + 2. What is j(-1)?
14
Let x(f) = 26*f**2 - 242*f - 1399. Give x(-4).
-15
Let t(z) = -8*z**2 + 1441*z - 21156. What is t(164)?
0
Let c(d) = -8528*d - 383877. What is c(-45)?
-117
Let c(w) = w**3 + 136*w**2 - 4026*w